it of 12602704?
6
What is the thousands digit of 359226565?
6
What is the ten millions digit of 1398858632?
9
What is the hundreds digit of 44685669?
6
What is the millions digit of 19136341?
9
What is the hundred millions digit of 1116980840?
1
What is the hundred millions digit of 2951346401?
9
What is the hundreds digit of 64220546?
5
What is the millions digit of 1531077690?
1
What is the tens digit of 542514391?
9
What is the millions digit of 170378051?
0
What is the hundreds digit of 6045962?
9
What is the millions digit of 175372342?
5
What is the thousands digit of 950049349?
9
What is the units digit of 947482950?
0
What is the billions digit of 2063554061?
2
What is the hundred millions digit of 1688540758?
6
What is the thousands digit of 112243583?
3
What is the ten millions digit of 361926619?
6
What is the thousands digit of 155591031?
1
What is the tens digit of 93333636?
3
What is the hundred millions digit of 946087479?
9
What is the units digit of 31508857?
7
What is the ten thousands digit of 109959121?
5
What is the ten millions digit of 645673250?
4
What is the hundreds digit of 42168848?
8
What is the units digit of 139739744?
4
What is the millions digit of 1522711473?
2
What is the ten millions digit of 2083445920?
8
What is the thousands digit of 2710706916?
6
What is the thousands digit of 162610090?
0
What is the ten thousands digit of 1677432251?
3
What is the hundred thousands digit of 808509945?
5
What is the tens digit of 1548450658?
5
What is the hundreds digit of 2278523118?
1
What is the tens digit of 1705950480?
8
What is the ten thousands digit of 1398356471?
5
What is the millions digit of 172425942?
2
What is the ten thousands digit of 158042303?
4
What is the ten millions digit of 506818461?
0
What is the ten thousands digit of 26454695?
5
What is the units digit of 47196677?
7
What is the millions digit of 163617478?
3
What is the millions digit of 26816395?
6
What is the units digit of 70955171?
1
What is the hundreds digit of 49167616?
6
What is the ten thousands digit of 6494704066?
0
What is the tens digit of 38776546?
4
What is the tens digit of 37323357?
5
What is the hundred thousands digit of 356966878?
9
What is the millions digit of 315965634?
5
What is the units digit of 1149348506?
6
What is the units digit of 83746310?
0
What is the units digit of 7974279?
9
What is the units digit of 196059228?
8
What is the hundred millions digit of 912930323?
9
What is the thousands digit of 82166180?
6
What is the ten thousands digit of 5205216298?
1
What is the hundreds digit of 34778304?
3
What is the units digit of 1916615538?
8
What is the hundred thousands digit of 1913121?
9
What is the units digit of 2482785718?
8
What is the units digit of 23130641?
1
What is the hundred thousands digit of 872469578?
4
What is the hundreds digit of 17223557?
5
What is the hundred thousands digit of 1507625692?
6
What is the hundred millions digit of 190853314?
1
What is the hundred thousands digit of 260501191?
5
What is the ten millions digit of 480187619?
8
What is the hundred millions digit of 451209967?
4
What is the hundreds digit of 1742349965?
9
What is the hundreds digit of 10340446?
4
What is the millions digit of 7559112?
7
What is the ten millions digit of 2804750887?
0
What is the units digit of 336411901?
1
What is the hundreds digit of 171404853?
8
What is the ten millions digit of 118180921?
1
What is the hundred thousands digit of 141467101?
4
What is the hundred thousands digit of 74298017?
2
What is the tens digit of 338944935?
3
What is the thousands digit of 365027360?
7
What is the hundred thousands digit of 3927078485?
0
What is the thousands digit of 188939993?
9
What is the hundred thousands digit of 2760721075?
7
What is the tens digit of 330933018?
1
What is the hundred millions digit of 194082779?
1
What is the tens digit of 6345644033?
3
What is the millions digit of 30379326?
0
What is the ten millions digit of 5284444929?
8
What is the ten thousands digit of 3261452805?
5
What is the ten thousands digit of 360585801?
8
What is the units digit of 4098236370?
0
What is the hundred thousands digit of 329510109?
5
What is the ten millions digit of 80818400?
8
What is the ten thousands digit of 15578517?
7
What is the ten millions digit of 81013110?
8
What is the ten millions digit of 1773219011?
7
What is the hundred thousands digit of 677872168?
8
What is the tens digit of 26683667?
6
What is the billions digit of 2885066647?
2
What is the hundreds digit of 969913690?
6
What is the hundreds digit of 85350292?
2
What is the hundreds digit of 31141715?
7
What is the hundreds digit of 2712893279?
2
What is the thousands digit of 5654519799?
9
What is the hundreds digit of 78417452?
4
What is the ten millions digit of 224083288?
2
What is the thousands digit of 54840387?
0
What is the hundred millions digit of 653760702?
6
What is the millions digit of 64220214?
4
What is the ten thousands digit of 26440791?
4
What is the ten thousands digit of 456666572?
6
What is the ten millions digit of 178750386?
7
What is the units digit of 173283496?
6
What is the ten millions digit of 481289092?
8
What is the tens digit of 196737233?
3
What is the hundred thousands digit of 36942713?
9
What is the hundred millions digit of 5935322453?
9
What is the hundreds digit of 189852921?
9
What is the tens digit of 1812693857?
5
What is the hundred thousands digit of 76311030?
3
What is the millions digit of 138972623?
8
What is the units digit of 395901691?
1
What is the tens digit of 43043941?
4
What is the hundreds digit of 18548343?
3
What is the hundreds digit of 234491955?
9
What is the ten thousands digit of 1161764578?
6
What is the millions digit of 83348266?
3
What is the tens digit of 4860789240?
4
What is the hundreds digit of 746579278?
2
What is the tens digit of 86277637?
3
What is the tens digit of 663637125?
2
What is the thousands digit of 248091236?
1
What is the units digit of 2447486873?
3
What is the ten thousands digit of 134864760?
6
What is the hundreds digit of 67256810?
8
What is the units digit of 5521336123?
3
What is the ten thousands digit of 330821747?
2
What is the units digit of 1598245797?
7
What is the thousands digit of 30069014?
9
What is the millions digit of 216357445?
6
What is the tens digit of 122720102?
0
What is the hundred millions digit of 472840234?
4
What is the thousands digit of 1355386?
5
What is the tens digit of 115850396?
9
What is the hundreds digit of 50735277?
2
What is the millions digit of 1087305875?
7
What is the thousands digit of 23048908?
8
What is the hundreds digit of 2288678856?
8
What is the ten thousands digit of 32233035?
3
What is the ten thousands digit of 3093264620?
6
What is the hundreds digit of 587351936?
9
What is the tens digit of 253263456?
5
What is the ten thousands digit of 68399889?
9
What is the hundreds digit of 239308683?
6
What is the ten thousands digit of 128992273?
9
What is the units digit of 152831821?
1
What is the thousands digit of 35094555?
4
What is the thousands digit of 41137479?
7
What is the units digit of 228538165?
5
What is the thousands digit of 216961445?
1
What is the ten millions digit of 218691851?
1
What is the ten millions digit of 695839740?
9
What is the hundreds digit of 180984303?
3
What is the tens digit of 2742259039?
3
What is the ten millions digit of 21642781?
2
What is the ten thousands digit of 68656385?
5
What is the hundreds digit of 365325815?
8
What is the units digit of 225013903?
3
What is the units digit of 920386611?
1
What is the thousands digit of 107021143?
1
What is the ten millions digit of 1008638393?
0
What is the billions digit of 2619922688?
2
What is the units digit of 179327355?
5
What is the ten thousands digit of 1303488278?
8
What is the millions digit of 46257141?
6
What is the hundred millions digit of 4655727433?
6
What is the millions digit of 67671751?
7
What is the thousands digit of 704240808?
0
What is the thousands digit of 73310803?
0
What is the thousands digit of 63251432?
1
What is the millions digit of 54942164?
4
What is the hundreds digit of 563988451?
4
What is the ten thousands digit of 31156922?
5
What is the billions digit of 5970973960?
5
W